{"id":6456,"date":"2024-05-02T16:55:28","date_gmt":"2024-05-02T14:55:28","guid":{"rendered":"http:\/\/abh-deco.be\/index.php\/produit\/pied-structure-autoportante\/"},"modified":"2026-04-07T13:50:08","modified_gmt":"2026-04-07T11:50:08","slug":"pied-structure-autoportante-noire","status":"publish","type":"product","link":"https:\/\/abh-deco.be\/?product=pied-structure-autoportante-noire","title":{"rendered":"Pied structure autoportante noire"},"content":{"rendered":"<p><strong>Location de Mat\u00e9riel de Structure &#8211; Montant Vertical T\u00e9lescopique &#8211; Finition Noire &#8211; 1,80 m \u00e0 3,00 m (R\u00e9f : EASYP)<\/strong><\/p>\n<p>Le Montant T\u00e9lescopique (R\u00e9f : EASYP) est la colonne vert\u00e9brale de votre installation Pipe &amp; Drape. Il s&#8217;ins\u00e8re sur l&#8217;embase en fonte (EASYB) et re\u00e7oit la barre transversale (EASYBA) pour cr\u00e9er un ensemble autoportant solide et professionnel.<\/p>\n<p><strong>Avantages Cl\u00e9s de cette Location<\/strong><\/p>\n<ul>\n<li>Adaptabilit\u00e9 Totale (R\u00e9glable selon la hauteur sous plafond de votre lieu).<\/li>\n<\/ul>\n<p>\u00a0<\/p>\n<ul>\n<li>Montage sans Outils (Syst\u00e8me d&#8217;embo\u00eetement intuitif et rapide).<\/li>\n<\/ul>\n<p>\u00a0<\/p>\n<ul>\n<li>Robustesse (Mat\u00e9riel professionnel stable pour supporter des rideaux lourds).<\/li>\n<\/ul>\n<p>\u00a0<\/p>\n<ul>\n<li>Discr\u00e9tion (Coloris noir mat \u00e9l\u00e9gant et sobre).<\/li>\n<\/ul>\n<p><strong>Caract\u00e9ristiques Techniques D\u00e9taill\u00e9es (Informations ABH-Deco)<\/strong><\/p>\n<ul>\n<li>Type de Produit : Montant vertical t\u00e9lescopique (Upright).<\/li>\n<\/ul>\n<p>\u00a0<\/p>\n<ul>\n<li>Mati\u00e8re : Aluminium.<\/li>\n<\/ul>\n<p>\u00a0<\/p>\n<ul>\n<li>Hauteur r\u00e9glable : De 1,80 m \u00e0 3,00 m.<\/li>\n<\/ul>\n<p>\u00a0<\/p>\n<ul>\n<li>Couleur : Noire.<\/li>\n<\/ul>\n<p>\u00a0<\/p>\n<ul>\n<li>Compatibilit\u00e9 : Embases EASYB et traverses EASYBA.<\/li>\n<\/ul>\n<p>\u00a0<\/p>\n<ul>\n<li>Usage : Support de fonds de sc\u00e8ne, photobooths, cloisons.<\/li>\n<\/ul>\n<p>\u00a0<\/p>\n<ul>\n<li>Service : Location de Mat\u00e9riel de Structure.<\/li>\n<\/ul>\n","protected":false},"excerpt":{"rendered":"<p>Propos\u00e9 en location, ce montant vertical t\u00e9lescopique permet de r\u00e9gler pr\u00e9cis\u00e9ment la hauteur de vos rideaux et d\u00e9cors jusqu&#8217;\u00e0 3 m\u00e8tres.<\/p>\n","protected":false},"featured_media":6780,"template":"","meta":{"ngg_post_thumbnail":0},"product_brand":[],"product_cat":[944],"product_tag":[218],"class_list":{"0":"post-6456","1":"product","2":"type-product","3":"status-publish","4":"has-post-thumbnail","6":"product_cat-structure-autoportante","7":"product_tag-structure-autoportante","9":"first","10":"instock","11":"taxable","12":"shipping-taxable","13":"purchasable","14":"product-type-rentable"},"_links":{"self":[{"href":"https:\/\/abh-deco.be\/index.php?rest_route=\/wp\/v2\/product\/6456","targetHints":{"allow":["GET"]}}],"collection":[{"href":"https:\/\/abh-deco.be\/index.php?rest_route=\/wp\/v2\/product"}],"about":[{"href":"https:\/\/abh-deco.be\/index.php?rest_route=\/wp\/v2\/types\/product"}],"wp:featuredmedia":[{"embeddable":true,"href":"https:\/\/abh-deco.be\/index.php?rest_route=\/wp\/v2\/media\/6780"}],"wp:attachment":[{"href":"https:\/\/abh-deco.be\/index.php?rest_route=%2Fwp%2Fv2%2Fmedia&parent=6456"}],"wp:term":[{"taxonomy":"product_brand","embeddable":true,"href":"https:\/\/abh-deco.be\/index.php?rest_route=%2Fwp%2Fv2%2Fproduct_brand&post=6456"},{"taxonomy":"product_cat","embeddable":true,"href":"https:\/\/abh-deco.be\/index.php?rest_route=%2Fwp%2Fv2%2Fproduct_cat&post=6456"},{"taxonomy":"product_tag","embeddable":true,"href":"https:\/\/abh-deco.be\/index.php?rest_route=%2Fwp%2Fv2%2Fproduct_tag&post=6456"}],"curies":[{"name":"wp","href":"https:\/\/api.w.org\/{rel}","templated":true}]}}