{"id":6612,"date":"2024-05-02T16:56:43","date_gmt":"2024-05-02T14:56:43","guid":{"rendered":"http:\/\/abh-deco.be\/index.php\/produit\/structure-autoportante\/"},"modified":"2026-04-07T13:50:17","modified_gmt":"2026-04-07T11:50:17","slug":"structure-autoportante-longueur-et-hauteur-reglables","status":"publish","type":"product","link":"https:\/\/abh-deco.be\/?product=structure-autoportante-longueur-et-hauteur-reglables","title":{"rendered":"Structure autoportante &#8211; longueur et hauteur r\u00e9glables"},"content":{"rendered":"<p><strong>Location de Kit de Structure Autoportante Modulable (R\u00e9f : KITSTRAUT)<\/strong><\/p>\n<p>Le Kit de Structure Autoportante (KITSTRAUT) est l&#8217;\u00e9pine dorsale de nombreux d\u00e9cors \u00e9v\u00e9nementiels. Il offre une solution robuste et flexible pour suspendre des \u00e9l\u00e9ments lourds ou volumineux l\u00e0 o\u00f9 il n&#8217;y a pas de support mural.<\/p>\n<p>Composition du Kit :<\/p>\n<p>1 barre de structure autoportante (r\u00e9glable en largeur).<br \/>2 pieds de structure autoportante (montants verticaux, r\u00e9glables en hauteur).<br \/>2 plaques de base (pour la stabilit\u00e9).<br \/>\u00a0<\/p>\n<p><strong>Avantages Cl\u00e9s de cette Location<\/strong><br \/>\u00a0<\/p>\n<ul>\n<li>Grande Flexibilit\u00e9 (Ajustable 180 \u00e0 300 cm).<\/li>\n<\/ul>\n<p>\u00a0<\/p>\n<ul>\n<li>Solution Robuste pour Suspendre des \u00c9l\u00e9ments Lourds.<\/li>\n<\/ul>\n<p>\u00a0<\/p>\n<ul>\n<li>Autoportant (Pas de Dommage aux Murs).<\/li>\n<\/ul>\n<p>\u00a0<\/p>\n<ul>\n<li>Id\u00e9al pour Sc\u00e8nes, Photobooths et Arches.<\/li>\n<\/ul>\n<p><strong>Caract\u00e9ristiques Techniques D\u00e9taill\u00e9es (Informations ABH-Deco)<\/strong><\/p>\n<ul>\n<li>Type de Produit : Structure Modulaire \/ Support de Sc\u00e8ne.<\/li>\n<\/ul>\n<p>\u00a0<\/p>\n<ul>\n<li>Fonction : Suspension, Toile de Fond.<\/li>\n<\/ul>\n<p>\u00a0<\/p>\n<ul>\n<li>Dimensions R\u00e9glables : Min 180 cm max 300 cm (Hauteur et Longueur).<\/li>\n<\/ul>\n<p>\u00a0<\/p>\n<ul>\n<li>Mat\u00e9riau : Aluminium ou M\u00e9tal (L\u00e9ger et Robuste).<\/li>\n<\/ul>\n<p>\u00a0<\/p>\n<ul>\n<li>Service : Location de Mat\u00e9riel de Structure\/Sc\u00e9nographie.<\/li>\n<\/ul>\n<p>\u00a0<\/p>\n<ul>\n<li>Type : Accessoire Sc\u00e9nique.<\/li>\n<\/ul>\n","protected":false},"excerpt":{"rendered":"<p>Ce kit de structure autoportante est enti\u00e8rement modulable en hauteur et en largeur (180 \u00e0 300 cm). Id\u00e9al pour fixer un rideau, une toile de fond ou cr\u00e9er un photobooth solide.<\/p>\n","protected":false},"featured_media":6997,"template":"","meta":{"ngg_post_thumbnail":0},"product_brand":[],"product_cat":[944],"product_tag":[218],"class_list":{"0":"post-6612","1":"product","2":"type-product","3":"status-publish","4":"has-post-thumbnail","6":"product_cat-structure-autoportante","7":"product_tag-structure-autoportante","9":"first","10":"instock","11":"featured","12":"taxable","13":"shipping-taxable","14":"purchasable","15":"product-type-rentable"},"_links":{"self":[{"href":"https:\/\/abh-deco.be\/index.php?rest_route=\/wp\/v2\/product\/6612","targetHints":{"allow":["GET"]}}],"collection":[{"href":"https:\/\/abh-deco.be\/index.php?rest_route=\/wp\/v2\/product"}],"about":[{"href":"https:\/\/abh-deco.be\/index.php?rest_route=\/wp\/v2\/types\/product"}],"wp:featuredmedia":[{"embeddable":true,"href":"https:\/\/abh-deco.be\/index.php?rest_route=\/wp\/v2\/media\/6997"}],"wp:attachment":[{"href":"https:\/\/abh-deco.be\/index.php?rest_route=%2Fwp%2Fv2%2Fmedia&parent=6612"}],"wp:term":[{"taxonomy":"product_brand","embeddable":true,"href":"https:\/\/abh-deco.be\/index.php?rest_route=%2Fwp%2Fv2%2Fproduct_brand&post=6612"},{"taxonomy":"product_cat","embeddable":true,"href":"https:\/\/abh-deco.be\/index.php?rest_route=%2Fwp%2Fv2%2Fproduct_cat&post=6612"},{"taxonomy":"product_tag","embeddable":true,"href":"https:\/\/abh-deco.be\/index.php?rest_route=%2Fwp%2Fv2%2Fproduct_tag&post=6612"}],"curies":[{"name":"wp","href":"https:\/\/api.w.org\/{rel}","templated":true}]}}